{"id":28749,"date":"2026-03-01T17:55:44","date_gmt":"2026-03-01T16:55:44","guid":{"rendered":"https:\/\/www.bookolia.es\/libreria\/a-dormir-a-dormir_\/"},"modified":"2026-03-01T18:44:49","modified_gmt":"2026-03-01T17:44:49","slug":"a-dormir-a-dormir_","status":"publish","type":"product","link":"https:\/\/www.bookolia.es\/ca\/libreria\/a-dormir-a-dormir_\/","title":{"rendered":"A dormir, a dormir!"},"content":{"rendered":"<p>La col\u00b7lecci\u00f3\u00a0<strong class=\"Yjhzub\" data-complete=\"true\" data-processed=\"true\">Plegaditos<\/strong>\u00a0creix amb una proposta visual \u00fanica de\u00a0<strong class=\"Yjhzub\" data-complete=\"true\" data-processed=\"true\">Roc\u00edo Mart\u00ednez<\/strong>\u00a0per a nadons d&#8217;1 a 3 anys. A trav\u00e9s d&#8217;animals dissenyats amb la delicadesa de l&#8217;<strong class=\"Yjhzub\" data-complete=\"true\" data-processed=\"true\">origami<\/strong>, aquest quart t\u00edtol fila una hist\u00f2ria r\u00edtmica i circular sobre el cicle de la son. Mentre el mussol es desperta, la resta del bosc \u2014\u00e0necs, pollets i conills\u2014 es prepara per descansar, fins que el cant del gall torna a girar la roda del dia. Un llibre de cartr\u00f3 resistent, tendre i visualment deslumbrant, perfecte perqu\u00e8 les mans petites exploren la natura i els nens comprenguin, de forma divertida, el moment d&#8217;anar a dormir.<\/p>\n<p>&nbsp;<\/p>\n","protected":false},"excerpt":{"rendered":"<p>La col\u00b7lecci\u00f3\u00a0Plegaditos\u00a0creix amb una proposta visual \u00fanica de\u00a0Roc\u00edo Mart\u00ednez\u00a0per a nadons d&#8217;1 a 3 anys. A trav\u00e9s d&#8217;animals dissenyats amb la delicadesa de l&#8217;origami, aquest quart t\u00edtol fila una hist\u00f2ria r\u00edtmica i circular sobre el cicle de la son. Mentre el mussol es desperta, la resta del bosc \u2014\u00e0necs, pollets i conills\u2014 es prepara per [&hellip;]<\/p>\n","protected":false},"featured_media":28741,"template":"","meta":{"_et_pb_use_builder":"","_et_pb_old_content":"","_et_gb_content_width":""},"product_brand":[],"product_cat":[549,543,555],"product_tag":[697,698,699,700,701],"class_list":{"0":"post-28749","1":"product","2":"type-product","3":"status-publish","4":"has-post-thumbnail","6":"product_cat-infantil-ca","7":"product_cat-catala","8":"product_cat-plegaditos-ca","9":"product_tag-colleccio-plegaditos-bookolia-per-a-nadons","10":"product_tag-contes-danimals-en-origami-per-a-nens","11":"product_tag-llibres-infantils-sobre-rutines-diaries","12":"product_tag-llibres-sensorials-i-visuals-per-a-1-2-anys","13":"product_tag-primers-llibres-de-cartro-per-a-nadons","15":"first","16":"instock","17":"taxable","18":"shipping-taxable","19":"product-type-simple"},"_links":{"self":[{"href":"https:\/\/www.bookolia.es\/ca\/wp-json\/wp\/v2\/product\/28749","targetHints":{"allow":["GET"]}}],"collection":[{"href":"https:\/\/www.bookolia.es\/ca\/wp-json\/wp\/v2\/product"}],"about":[{"href":"https:\/\/www.bookolia.es\/ca\/wp-json\/wp\/v2\/types\/product"}],"wp:featuredmedia":[{"embeddable":true,"href":"https:\/\/www.bookolia.es\/ca\/wp-json\/wp\/v2\/media\/28741"}],"wp:attachment":[{"href":"https:\/\/www.bookolia.es\/ca\/wp-json\/wp\/v2\/media?parent=28749"}],"wp:term":[{"taxonomy":"product_brand","embeddable":true,"href":"https:\/\/www.bookolia.es\/ca\/wp-json\/wp\/v2\/product_brand?post=28749"},{"taxonomy":"product_cat","embeddable":true,"href":"https:\/\/www.bookolia.es\/ca\/wp-json\/wp\/v2\/product_cat?post=28749"},{"taxonomy":"product_tag","embeddable":true,"href":"https:\/\/www.bookolia.es\/ca\/wp-json\/wp\/v2\/product_tag?post=28749"}],"curies":[{"name":"wp","href":"https:\/\/api.w.org\/{rel}","templated":true}]}}

<p>La col·lecció <strong class="Yjhzub" data-complete="true" data-processed="true">Plegaditos</strong> creix amb una proposta visual única de <strong class="Yjhzub" data-complete="true" data-processed="true">Rocío Martínez</strong> per a nadons d&#8217;1 a 3 anys. A través d&#8217;animals dissenyats amb la delicadesa de l&#8217;<strong class="Yjhzub" data-complete="true" data-processed="true">origami</strong>, aquest quart títol fila una història rítmica i circular sobre el cicle de la son. Mentre el mussol es desperta, la resta del bosc —ànecs, pollets i conills— es prepara per descansar, fins que el cant del gall torna a girar la roda del dia. Un llibre de cartró resistent, tendre i visualment deslumbrant, perfecte perquè les mans petites exploren la natura i els nens comprenguin, de forma divertida, el moment d&#8217;anar a dormir.</p>
<p>&nbsp;</p>

<p>La col·lecció Plegaditos creix amb una proposta visual única de Rocío Martínez per a nadons d&#8217;1 a 3 anys. A través d&#8217;animals dissenyats amb la delicadesa de l&#8217;origami, aquest quart títol fila una història rítmica i circular sobre el cicle de la son. Mentre el mussol es desperta, la resta del bosc —ànecs, pollets i conills— es prepara per [&hellip;]</p>
