{"id":28221,"date":"2018-10-29T11:37:37","date_gmt":"2018-10-29T10:37:37","guid":{"rendered":"https:\/\/www.bookolia.es\/libreria\/quan-la-mare-portava-trenes\/"},"modified":"2025-06-03T16:06:10","modified_gmt":"2025-06-03T15:06:10","slug":"quan-la-mare-portava-trenes","status":"publish","type":"product","link":"https:\/\/www.bookolia.es\/ca\/libreria\/quan-la-mare-portava-trenes\/","title":{"rendered":"Quan la mare portava trenes"},"content":{"rendered":"<p><em>Cuando mam\u00e1 llevaba trenzas<\/em> ha obtenido m\u00faltiples reconocimientos desde su publicaci\u00f3n. Es un \u00e1lbum cargado de nostalgia que nos adentra en una infancia no demasiado lejana pero que las generaciones actuales apenas conocen.<\/p>\n<blockquote><p>Una tarde de lluvia una ni\u00f1a descubre por casualidad una caja con los recuerdos que su madre atesor\u00f3 hace a\u00f1os, iniciando un viaje a un pasado muy diferente y no tan lejano<\/p><\/blockquote>\n<p><em>Cuando mam\u00e1 llevaba trenzas<\/em> es un trabajo sobre el paso del tiempo, los cambios que nos afectan y las oportunidades por llegar.<br \/>\nEste \u00e1lbum es una mirada a la infancia en un pasado cronol\u00f3gicamente no demasiado lejano, pero muy distinto por los grandes cambios producidos en un tiempo muy breve. En el adulto puede producir nostalgia; en el ni\u00f1o actual, curiosidad y conocimiento.<br \/>\nSin valoraciones, quiere ser un puente para el di\u00e1logo intergeneracional, e incide en las posibilidades de construcci\u00f3n de la identidad desde el tiempo que a cada cual le corresponde vivir.<\/p>\n","protected":false},"excerpt":{"rendered":"<p>Cuando mam\u00e1 llevaba trenzas ha obtenido m\u00faltiples reconocimientos desde su publicaci\u00f3n. Es un \u00e1lbum cargado de nostalgia que nos adentra en una infancia no demasiado lejana pero que las generaciones actuales apenas conocen. Una tarde de lluvia una ni\u00f1a descubre por casualidad una caja con los recuerdos que su madre atesor\u00f3 hace a\u00f1os, iniciando un [&hellip;]<\/p>\n","protected":false},"featured_media":26293,"template":"","meta":{"_et_pb_use_builder":"","_et_pb_old_content":"","_et_gb_content_width":""},"product_brand":[],"product_cat":[543,544],"product_tag":[],"class_list":{"0":"post-28221","1":"product","2":"type-product","3":"status-publish","4":"has-post-thumbnail","6":"product_cat-catala","7":"product_cat-crizal","9":"first","10":"instock","11":"taxable","12":"shipping-taxable","13":"product-type-simple"},"_links":{"self":[{"href":"https:\/\/www.bookolia.es\/ca\/wp-json\/wp\/v2\/product\/28221","targetHints":{"allow":["GET"]}}],"collection":[{"href":"https:\/\/www.bookolia.es\/ca\/wp-json\/wp\/v2\/product"}],"about":[{"href":"https:\/\/www.bookolia.es\/ca\/wp-json\/wp\/v2\/types\/product"}],"wp:featuredmedia":[{"embeddable":true,"href":"https:\/\/www.bookolia.es\/ca\/wp-json\/wp\/v2\/media\/26293"}],"wp:attachment":[{"href":"https:\/\/www.bookolia.es\/ca\/wp-json\/wp\/v2\/media?parent=28221"}],"wp:term":[{"taxonomy":"product_brand","embeddable":true,"href":"https:\/\/www.bookolia.es\/ca\/wp-json\/wp\/v2\/product_brand?post=28221"},{"taxonomy":"product_cat","embeddable":true,"href":"https:\/\/www.bookolia.es\/ca\/wp-json\/wp\/v2\/product_cat?post=28221"},{"taxonomy":"product_tag","embeddable":true,"href":"https:\/\/www.bookolia.es\/ca\/wp-json\/wp\/v2\/product_tag?post=28221"}],"curies":[{"name":"wp","href":"https:\/\/api.w.org\/{rel}","templated":true}]}}

<p><em>Cuando mamá llevaba trenzas</em> ha obtenido múltiples reconocimientos desde su publicación. Es un álbum cargado de nostalgia que nos adentra en una infancia no demasiado lejana pero que las generaciones actuales apenas conocen.</p>
<blockquote><p>Una tarde de lluvia una niña descubre por casualidad una caja con los recuerdos que su madre atesoró hace años, iniciando un viaje a un pasado muy diferente y no tan lejano</p></blockquote>
<p><em>Cuando mamá llevaba trenzas</em> es un trabajo sobre el paso del tiempo, los cambios que nos afectan y las oportunidades por llegar.<br />
Este álbum es una mirada a la infancia en un pasado cronológicamente no demasiado lejano, pero muy distinto por los grandes cambios producidos en un tiempo muy breve. En el adulto puede producir nostalgia; en el niño actual, curiosidad y conocimiento.<br />
Sin valoraciones, quiere ser un puente para el diálogo intergeneracional, e incide en las posibilidades de construcción de la identidad desde el tiempo que a cada cual le corresponde vivir.</p>

<p>Cuando mamá llevaba trenzas ha obtenido múltiples reconocimientos desde su publicación. Es un álbum cargado de nostalgia que nos adentra en una infancia no demasiado lejana pero que las generaciones actuales apenas conocen. Una tarde de lluvia una niña descubre por casualidad una caja con los recuerdos que su madre atesoró hace años, iniciando un [&hellip;]</p>
