{"id":28196,"date":"2020-10-05T00:02:58","date_gmt":"2020-10-04T23:02:58","guid":{"rendered":"https:\/\/www.bookolia.es\/libreria\/temps-de-tardor\/"},"modified":"2025-06-03T15:51:56","modified_gmt":"2025-06-03T14:51:56","slug":"temps-de-tardor","status":"publish","type":"product","link":"https:\/\/www.bookolia.es\/ca\/libreria\/temps-de-tardor\/","title":{"rendered":"Temps de tardor"},"content":{"rendered":"<blockquote><p>Mitjan\u00e7ant els canvis amb qu\u00e8 la nova estaci\u00f3 empara<br \/>\nla natura i les nostres petites rutines, aquest \u00e0lbum anima<br \/>\na viure cada instant en la seva bellesa, alhora senzilla i profunda.<\/p><\/blockquote>\n<p><em>Temps de tardor <\/em>\u00e9s un \u00e0lbum atemporal que recorre la bellesa dels moments aparentment insignificants i anima subtilment a viure&#8217;ls des d&#8217;una mirada atenta en el temps present.<\/p>\n<p>Aquesta consci\u00e8ncia en els detalls que aconsegueix eliminar la fugacitat d&#8217;un instant es mostra en un breu itinerari pels est\u00edmuls i sensacions que l&#8217;arribada de la tardor provoca en la protagonista. Els canvis en l&#8217;entorn i la natura, que modifiquen tamb\u00e9 les nostres rutines di\u00e0ries, es presenten en un llenguatge po\u00e8tic, amb il\u00b7lustracions en qu\u00e8 els colors es dosifiquen i acompanyen un dibuix lliure i expressiu a carbonet. La paleta c\u00e0lida i la t\u00e8cnica natural reforcen el sentit dels textos que, sense expressar-ho directament, ens diuen que viure \u00e9s un recorregut en el temps, i aquest no \u00e9s sin\u00f3 una successi\u00f3 de petits presents plens de sentit.<\/p>\n","protected":false},"excerpt":{"rendered":"<p>Mitjan\u00e7ant els canvis amb qu\u00e8 la nova estaci\u00f3 empara la natura i les nostres petites rutines, aquest \u00e0lbum anima a viure cada instant en la seva bellesa, alhora senzilla i profunda. Temps de tardor \u00e9s un \u00e0lbum atemporal que recorre la bellesa dels moments aparentment insignificants i anima subtilment a viure&#8217;ls des d&#8217;una mirada atenta [&hellip;]<\/p>\n","protected":false},"featured_media":26270,"template":"","meta":{"_et_pb_use_builder":"","_et_pb_old_content":"","_et_gb_content_width":""},"product_brand":[],"product_cat":[543,544,551],"product_tag":[],"class_list":{"0":"post-28196","1":"product","2":"type-product","3":"status-publish","4":"has-post-thumbnail","6":"product_cat-catala","7":"product_cat-crizal","8":"product_cat-libro-ilustrado-ca","10":"first","11":"instock","12":"taxable","13":"shipping-taxable","14":"product-type-simple"},"_links":{"self":[{"href":"https:\/\/www.bookolia.es\/ca\/wp-json\/wp\/v2\/product\/28196","targetHints":{"allow":["GET"]}}],"collection":[{"href":"https:\/\/www.bookolia.es\/ca\/wp-json\/wp\/v2\/product"}],"about":[{"href":"https:\/\/www.bookolia.es\/ca\/wp-json\/wp\/v2\/types\/product"}],"wp:featuredmedia":[{"embeddable":true,"href":"https:\/\/www.bookolia.es\/ca\/wp-json\/wp\/v2\/media\/26270"}],"wp:attachment":[{"href":"https:\/\/www.bookolia.es\/ca\/wp-json\/wp\/v2\/media?parent=28196"}],"wp:term":[{"taxonomy":"product_brand","embeddable":true,"href":"https:\/\/www.bookolia.es\/ca\/wp-json\/wp\/v2\/product_brand?post=28196"},{"taxonomy":"product_cat","embeddable":true,"href":"https:\/\/www.bookolia.es\/ca\/wp-json\/wp\/v2\/product_cat?post=28196"},{"taxonomy":"product_tag","embeddable":true,"href":"https:\/\/www.bookolia.es\/ca\/wp-json\/wp\/v2\/product_tag?post=28196"}],"curies":[{"name":"wp","href":"https:\/\/api.w.org\/{rel}","templated":true}]}}

<blockquote><p>Mitjançant els canvis amb què la nova estació empara<br />
la natura i les nostres petites rutines, aquest àlbum anima<br />
a viure cada instant en la seva bellesa, alhora senzilla i profunda.</p></blockquote>
<p><em>Temps de tardor </em>és un àlbum atemporal que recorre la bellesa dels moments aparentment insignificants i anima subtilment a viure&#8217;ls des d&#8217;una mirada atenta en el temps present.</p>
<p>Aquesta consciència en els detalls que aconsegueix eliminar la fugacitat d&#8217;un instant es mostra en un breu itinerari pels estímuls i sensacions que l&#8217;arribada de la tardor provoca en la protagonista. Els canvis en l&#8217;entorn i la natura, que modifiquen també les nostres rutines diàries, es presenten en un llenguatge poètic, amb il·lustracions en què els colors es dosifiquen i acompanyen un dibuix lliure i expressiu a carbonet. La paleta càlida i la tècnica natural reforcen el sentit dels textos que, sense expressar-ho directament, ens diuen que viure és un recorregut en el temps, i aquest no és sinó una successió de petits presents plens de sentit.</p>

<p>Mitjançant els canvis amb què la nova estació empara la natura i les nostres petites rutines, aquest àlbum anima a viure cada instant en la seva bellesa, alhora senzilla i profunda. Temps de tardor és un àlbum atemporal que recorre la bellesa dels moments aparentment insignificants i anima subtilment a viure&#8217;ls des d&#8217;una mirada atenta [&hellip;]</p>
