{"id":28175,"date":"2023-04-17T16:53:04","date_gmt":"2023-04-17T15:53:04","guid":{"rendered":"https:\/\/www.bookolia.es\/libreria\/ledat-del-bosc\/"},"modified":"2025-06-03T18:33:43","modified_gmt":"2025-06-03T17:33:43","slug":"ledat-del-bosc","status":"publish","type":"product","link":"https:\/\/www.bookolia.es\/ca\/libreria\/ledat-del-bosc\/","title":{"rendered":"L&#8217;edat del bosc"},"content":{"rendered":"<blockquote><p><strong><i>El passeig de la petita Anna, el dia del seu aniversari, amb el seu avi dona peu a una conversa sobre el cicle natural dels nostres boscos.<\/i><\/strong><\/p><\/blockquote>\n<p>L&#8217;Anna fa sis anys i ho celebrar\u00e0 a casa dels seus avis. Mentre fan els preparatius per a la festa, l&#8217;Anna surt a passejar pel bosc amb el seu avi. En el seu recorregut es va interessant per la rica vida que amaga el bosc, els animals, les plantes que l&#8217;habiten i es planteja preguntes sobre els seus or\u00edgens, com es formen i es desenvolupen. La nena sent curiositat per l&#8217;edat de les coses que l&#8217;envolten. Amb ella anem coneixent quan es van formar, com es pot saber els anys que t\u00e9 un arbre o com es defensen les plantes dels seus possibles predadors.<\/p>\n<p><strong>A mesura que es desenvolupa la hist\u00f2ria, aquesta interacci\u00f3 especial entre la nena i el seu avi es converteix en un moment preci\u00f3s de comuni\u00f3 harmoniosa amb la natura<\/strong>. Amb il\u00b7lustracions delicades i po\u00e8tiques, Charline Collette dona vida al bosc, el personatge central d&#8217;aquesta hist\u00f2ria.<strong>\u00a0Un \u00e0lbum il\u00b7lustrat que ens ensenya i ens fa estimar els nostres boscos i l&#8217;her\u00e8ncia que rebem dels nostres avis.<\/strong><\/p>\n<p>&nbsp;<\/p>\n","protected":false},"excerpt":{"rendered":"<p>El passeig de la petita Anna, el dia del seu aniversari, amb el seu avi dona peu a una conversa sobre el cicle natural dels nostres boscos. L&#8217;Anna fa sis anys i ho celebrar\u00e0 a casa dels seus avis. Mentre fan els preparatius per a la festa, l&#8217;Anna surt a passejar pel bosc amb el [&hellip;]<\/p>\n","protected":false},"featured_media":26459,"template":"","meta":{"_et_pb_use_builder":"","_et_pb_old_content":"","_et_gb_content_width":""},"product_brand":[],"product_cat":[542,543],"product_tag":[568,569,570,571,572,573,559,574],"class_list":{"0":"post-28175","1":"product","2":"type-product","3":"status-publish","4":"has-post-thumbnail","6":"product_cat-alfeizar-ca","7":"product_cat-catala","8":"product_tag-abuelos-ca","9":"product_tag-album-de-ficcion-ca","10":"product_tag-album-informativo-ca","11":"product_tag-bosques-ca","12":"product_tag-cumpleanos-ca","13":"product_tag-excursion-ca","14":"product_tag-familia-ca","15":"product_tag-naturaleza-ca","17":"first","18":"instock","19":"taxable","20":"shipping-taxable","21":"product-type-simple"},"_links":{"self":[{"href":"https:\/\/www.bookolia.es\/ca\/wp-json\/wp\/v2\/product\/28175","targetHints":{"allow":["GET"]}}],"collection":[{"href":"https:\/\/www.bookolia.es\/ca\/wp-json\/wp\/v2\/product"}],"about":[{"href":"https:\/\/www.bookolia.es\/ca\/wp-json\/wp\/v2\/types\/product"}],"wp:featuredmedia":[{"embeddable":true,"href":"https:\/\/www.bookolia.es\/ca\/wp-json\/wp\/v2\/media\/26459"}],"wp:attachment":[{"href":"https:\/\/www.bookolia.es\/ca\/wp-json\/wp\/v2\/media?parent=28175"}],"wp:term":[{"taxonomy":"product_brand","embeddable":true,"href":"https:\/\/www.bookolia.es\/ca\/wp-json\/wp\/v2\/product_brand?post=28175"},{"taxonomy":"product_cat","embeddable":true,"href":"https:\/\/www.bookolia.es\/ca\/wp-json\/wp\/v2\/product_cat?post=28175"},{"taxonomy":"product_tag","embeddable":true,"href":"https:\/\/www.bookolia.es\/ca\/wp-json\/wp\/v2\/product_tag?post=28175"}],"curies":[{"name":"wp","href":"https:\/\/api.w.org\/{rel}","templated":true}]}}

<blockquote><p><strong><i>El passeig de la petita Anna, el dia del seu aniversari, amb el seu avi dona peu a una conversa sobre el cicle natural dels nostres boscos.</i></strong></p></blockquote>
<p>L&#8217;Anna fa sis anys i ho celebrarà a casa dels seus avis. Mentre fan els preparatius per a la festa, l&#8217;Anna surt a passejar pel bosc amb el seu avi. En el seu recorregut es va interessant per la rica vida que amaga el bosc, els animals, les plantes que l&#8217;habiten i es planteja preguntes sobre els seus orígens, com es formen i es desenvolupen. La nena sent curiositat per l&#8217;edat de les coses que l&#8217;envolten. Amb ella anem coneixent quan es van formar, com es pot saber els anys que té un arbre o com es defensen les plantes dels seus possibles predadors.</p>
<p><strong>A mesura que es desenvolupa la història, aquesta interacció especial entre la nena i el seu avi es converteix en un moment preciós de comunió harmoniosa amb la natura</strong>. Amb il·lustracions delicades i poètiques, Charline Collette dona vida al bosc, el personatge central d&#8217;aquesta història.<strong> Un àlbum il·lustrat que ens ensenya i ens fa estimar els nostres boscos i l&#8217;herència que rebem dels nostres avis.</strong></p>
<p>&nbsp;</p>

<p>El passeig de la petita Anna, el dia del seu aniversari, amb el seu avi dona peu a una conversa sobre el cicle natural dels nostres boscos. L&#8217;Anna fa sis anys i ho celebrarà a casa dels seus avis. Mentre fan els preparatius per a la festa, l&#8217;Anna surt a passejar pel bosc amb el [&hellip;]</p>
