{"id":28171,"date":"2023-10-10T12:15:55","date_gmt":"2023-10-10T11:15:55","guid":{"rendered":"https:\/\/www.bookolia.es\/libreria\/la-volta-al-mon-en-paper\/"},"modified":"2025-05-28T13:17:55","modified_gmt":"2025-05-28T12:17:55","slug":"la-volta-al-mon-en-paper","status":"publish","type":"product","link":"https:\/\/www.bookolia.es\/ca\/libreria\/la-volta-al-mon-en-paper\/","title":{"rendered":"La volta al m\u00f3n en paper"},"content":{"rendered":"<p><strong><i>Un \u00e0lbum minimalista i divertit perqu\u00e8 els m\u00e9s petits descobreixin els secrets que amaga un senzill full de paper.<\/i><\/strong><\/p>\n<p>Tot comen\u00e7a amb un n\u00favol, que porta la pluja. La pluja rega l&#8217;arbre i el fa cr\u00e9ixer, despr\u00e9s el llenyataire talla l&#8217;arbre i el porta a la f\u00e0brica, on es cou la polpa.<\/p>\n<p>Per\u00f2, qui va inventar el paper? D&#8217;on va venir? D&#8217;Egipte al Jap\u00f3, del nord d&#8217;\u00c0frica a Europa, en aquesta aventura fem la volta al m\u00f3n i viatgem a trav\u00e9s de milers i milers d&#8217;anys. Un secret guardat amb clau durant molt de temps. El paper ara es fa servir en quaderns, diaris, notes, bosses&#8230; i en aquest llibre!<\/p>\n<p>Un \u00e0lbum informatiu per als m\u00e9s petits lectors.<\/p>\n<p>&nbsp;<\/p>\n","protected":false},"excerpt":{"rendered":"<p>Un \u00e0lbum minimalista i divertit perqu\u00e8 els m\u00e9s petits descobreixin els secrets que amaga un senzill full de paper. Tot comen\u00e7a amb un n\u00favol, que porta la pluja. La pluja rega l&#8217;arbre i el fa cr\u00e9ixer, despr\u00e9s el llenyataire talla l&#8217;arbre i el porta a la f\u00e0brica, on es cou la polpa. Per\u00f2, qui va [&hellip;]<\/p>\n","protected":false},"featured_media":26487,"template":"","meta":{"_et_pb_use_builder":"","_et_pb_old_content":"","_et_gb_content_width":""},"product_brand":[],"product_cat":[542,543,549],"product_tag":[],"class_list":{"0":"post-28171","1":"product","2":"type-product","3":"status-publish","4":"has-post-thumbnail","6":"product_cat-alfeizar-ca","7":"product_cat-catala","8":"product_cat-infantil-ca","10":"first","11":"instock","12":"taxable","13":"shipping-taxable","14":"product-type-simple"},"_links":{"self":[{"href":"https:\/\/www.bookolia.es\/ca\/wp-json\/wp\/v2\/product\/28171","targetHints":{"allow":["GET"]}}],"collection":[{"href":"https:\/\/www.bookolia.es\/ca\/wp-json\/wp\/v2\/product"}],"about":[{"href":"https:\/\/www.bookolia.es\/ca\/wp-json\/wp\/v2\/types\/product"}],"wp:featuredmedia":[{"embeddable":true,"href":"https:\/\/www.bookolia.es\/ca\/wp-json\/wp\/v2\/media\/26487"}],"wp:attachment":[{"href":"https:\/\/www.bookolia.es\/ca\/wp-json\/wp\/v2\/media?parent=28171"}],"wp:term":[{"taxonomy":"product_brand","embeddable":true,"href":"https:\/\/www.bookolia.es\/ca\/wp-json\/wp\/v2\/product_brand?post=28171"},{"taxonomy":"product_cat","embeddable":true,"href":"https:\/\/www.bookolia.es\/ca\/wp-json\/wp\/v2\/product_cat?post=28171"},{"taxonomy":"product_tag","embeddable":true,"href":"https:\/\/www.bookolia.es\/ca\/wp-json\/wp\/v2\/product_tag?post=28171"}],"curies":[{"name":"wp","href":"https:\/\/api.w.org\/{rel}","templated":true}]}}

La volta al món en paper

<p><strong><i>Un àlbum minimalista i divertit perquè els més petits descobreixin els secrets que amaga un senzill full de paper.</i></strong></p>
<p>Tot comença amb un núvol, que porta la pluja. La pluja rega l&#8217;arbre i el fa créixer, després el llenyataire talla l&#8217;arbre i el porta a la fàbrica, on es cou la polpa.</p>
<p>Però, qui va inventar el paper? D&#8217;on va venir? D&#8217;Egipte al Japó, del nord d&#8217;Àfrica a Europa, en aquesta aventura fem la volta al món i viatgem a través de milers i milers d&#8217;anys. Un secret guardat amb clau durant molt de temps. El paper ara es fa servir en quaderns, diaris, notes, bosses&#8230; i en aquest llibre!</p>
<p>Un àlbum informatiu per als més petits lectors.</p>
<p>&nbsp;</p>

<p>Un àlbum minimalista i divertit perquè els més petits descobreixin els secrets que amaga un senzill full de paper. Tot comença amb un núvol, que porta la pluja. La pluja rega l&#8217;arbre i el fa créixer, després el llenyataire talla l&#8217;arbre i el porta a la fàbrica, on es cou la polpa. Però, qui va [&hellip;]</p>
