{"id":28169,"date":"2023-11-01T23:41:46","date_gmt":"2023-11-01T22:41:46","guid":{"rendered":"https:\/\/www.bookolia.es\/libreria\/bretolet\/"},"modified":"2025-05-28T21:37:31","modified_gmt":"2025-05-28T20:37:31","slug":"bretolet","status":"publish","type":"product","link":"https:\/\/www.bookolia.es\/ca\/libreria\/bretolet\/","title":{"rendered":"Bretolet"},"content":{"rendered":"<p><strong>Ell \u00e9s el m\u00e9s petit d\u2019una terrible banda de malfactors<\/strong>. Duen a terme les malifetes m\u00e9s terribles, per\u00f2 com que ell \u00e9s un nyicris tots els altres el consideren ben poca cosa. Fins que\u00a0<strong>un dia se\u2019n cansa, decideix marxar a viure les seves pr\u00f2pies malvades aventures<\/strong>\u00a0i sembrar el terror all\u00ed on vagi.<\/p>\n<p><strong>Per\u00f2 res surt com esperava<\/strong>: una rere l\u2019altra, les seves accions terror\u00edfiques es transformen e<strong>n favors i en ajut per a les seves v\u00edctimes, no \u00e9s capa\u00e7 de fer el mal com volia. En el fons, no pot lluitar contra all\u00f2 que t\u00e9 en el seu interior: un cor immens i bondad\u00f3s<\/strong>.<\/p>\n","protected":false},"excerpt":{"rendered":"<p>Ell \u00e9s el m\u00e9s petit d\u2019una terrible banda de malfactors. Duen a terme les malifetes m\u00e9s terribles, per\u00f2 com que ell \u00e9s un nyicris tots els altres el consideren ben poca cosa. Fins que\u00a0un dia se\u2019n cansa, decideix marxar a viure les seves pr\u00f2pies malvades aventures\u00a0i sembrar el terror all\u00ed on vagi. Per\u00f2 res surt [&hellip;]<\/p>\n","protected":false},"featured_media":26493,"template":"","meta":{"_et_pb_use_builder":"","_et_pb_old_content":"","_et_gb_content_width":""},"product_brand":[],"product_cat":[543,548,549],"product_tag":[],"class_list":{"0":"post-28169","1":"product","2":"type-product","3":"status-publish","4":"has-post-thumbnail","6":"product_cat-catala","7":"product_cat-ilustrados","8":"product_cat-infantil-ca","10":"first","11":"instock","12":"taxable","13":"shipping-taxable","14":"product-type-simple"},"_links":{"self":[{"href":"https:\/\/www.bookolia.es\/ca\/wp-json\/wp\/v2\/product\/28169","targetHints":{"allow":["GET"]}}],"collection":[{"href":"https:\/\/www.bookolia.es\/ca\/wp-json\/wp\/v2\/product"}],"about":[{"href":"https:\/\/www.bookolia.es\/ca\/wp-json\/wp\/v2\/types\/product"}],"wp:featuredmedia":[{"embeddable":true,"href":"https:\/\/www.bookolia.es\/ca\/wp-json\/wp\/v2\/media\/26493"}],"wp:attachment":[{"href":"https:\/\/www.bookolia.es\/ca\/wp-json\/wp\/v2\/media?parent=28169"}],"wp:term":[{"taxonomy":"product_brand","embeddable":true,"href":"https:\/\/www.bookolia.es\/ca\/wp-json\/wp\/v2\/product_brand?post=28169"},{"taxonomy":"product_cat","embeddable":true,"href":"https:\/\/www.bookolia.es\/ca\/wp-json\/wp\/v2\/product_cat?post=28169"},{"taxonomy":"product_tag","embeddable":true,"href":"https:\/\/www.bookolia.es\/ca\/wp-json\/wp\/v2\/product_tag?post=28169"}],"curies":[{"name":"wp","href":"https:\/\/api.w.org\/{rel}","templated":true}]}}

<p><strong>Ell és el més petit d’una terrible banda de malfactors</strong>. Duen a terme les malifetes més terribles, però com que ell és un nyicris tots els altres el consideren ben poca cosa. Fins que <strong>un dia se’n cansa, decideix marxar a viure les seves pròpies malvades aventures</strong> i sembrar el terror allí on vagi.</p>
<p><strong>Però res surt com esperava</strong>: una rere l’altra, les seves accions terrorífiques es transformen e<strong>n favors i en ajut per a les seves víctimes, no és capaç de fer el mal com volia. En el fons, no pot lluitar contra allò que té en el seu interior: un cor immens i bondadós</strong>.</p>

<p>Ell és el més petit d’una terrible banda de malfactors. Duen a terme les malifetes més terribles, però com que ell és un nyicris tots els altres el consideren ben poca cosa. Fins que un dia se’n cansa, decideix marxar a viure les seves pròpies malvades aventures i sembrar el terror allí on vagi. Però res surt [&hellip;]</p>
