{"id":28163,"date":"2024-02-20T20:30:45","date_gmt":"2024-02-20T19:30:45","guid":{"rendered":"https:\/\/www.bookolia.es\/libreria\/es-busca-la-meva-sabata\/"},"modified":"2025-05-28T13:32:19","modified_gmt":"2025-05-28T12:32:19","slug":"es-busca-la-meva-sabata","status":"publish","type":"product","link":"https:\/\/www.bookolia.es\/ca\/libreria\/es-busca-la-meva-sabata\/","title":{"rendered":"Es busca la meva sabata"},"content":{"rendered":"<blockquote><p><strong><i>Quan una de les sabates preferides de la nostra protagonista desapareix, comen\u00e7a una recerca amb una final sorprenent i divertit<\/i><\/strong><strong><em>.<\/em><\/strong><\/p><\/blockquote>\n<p>La p\u00e8rdua d&#8217;un objecte estimat sempre \u00e9s un petit drama. La desaparici\u00f3 de la sabata de la nostra protagonista es convertir\u00e0 en una incansable recerca i en un divertit i inesperat desenlla\u00e7. \u00c9s aquesta una altra hist\u00f2ria tan imaginativa com el primer treball que hem publicat\u00a0amb Carla Novillo,\u00a0<em>L&#8217;excursi\u00f3<\/em>; amb una picada d&#8217;ullet a l&#8217;entranyable pel\u00b7l\u00edcula\u00a0<em>Am\u00e9lie<\/em>. Despr\u00e9s de buscar per mil llocs, a casa comencen a arribar cartes des dels llocs m\u00e9s remots. Sempre les envia la sabata, que ha decidit agafar les regnes de la seva vida i con\u00e8ixer m\u00f3n.<\/p>\n<p>Les il\u00b7lustracions tornen a sorprendre a cada doble p\u00e0gina amb una barreja d&#8217;estils i de perspectives, i revelen Carla Novillo com una de les il\u00b7lustradores amb m\u00e9s projecci\u00f3 del panorama nacional.<\/p>\n<p>&nbsp;<\/p>\n","protected":false},"excerpt":{"rendered":"<p>Quan una de les sabates preferides de la nostra protagonista desapareix, comen\u00e7a una recerca amb una final sorprenent i divertit. La p\u00e8rdua d&#8217;un objecte estimat sempre \u00e9s un petit drama. La desaparici\u00f3 de la sabata de la nostra protagonista es convertir\u00e0 en una incansable recerca i en un divertit i inesperat desenlla\u00e7. \u00c9s aquesta una [&hellip;]<\/p>\n","protected":false},"featured_media":26524,"template":"","meta":{"_et_pb_use_builder":"","_et_pb_old_content":"","_et_gb_content_width":""},"product_brand":[],"product_cat":[543,548,549],"product_tag":[],"class_list":{"0":"post-28163","1":"product","2":"type-product","3":"status-publish","4":"has-post-thumbnail","6":"product_cat-catala","7":"product_cat-ilustrados","8":"product_cat-infantil-ca","10":"first","11":"instock","12":"taxable","13":"shipping-taxable","14":"product-type-simple"},"_links":{"self":[{"href":"https:\/\/www.bookolia.es\/ca\/wp-json\/wp\/v2\/product\/28163","targetHints":{"allow":["GET"]}}],"collection":[{"href":"https:\/\/www.bookolia.es\/ca\/wp-json\/wp\/v2\/product"}],"about":[{"href":"https:\/\/www.bookolia.es\/ca\/wp-json\/wp\/v2\/types\/product"}],"wp:featuredmedia":[{"embeddable":true,"href":"https:\/\/www.bookolia.es\/ca\/wp-json\/wp\/v2\/media\/26524"}],"wp:attachment":[{"href":"https:\/\/www.bookolia.es\/ca\/wp-json\/wp\/v2\/media?parent=28163"}],"wp:term":[{"taxonomy":"product_brand","embeddable":true,"href":"https:\/\/www.bookolia.es\/ca\/wp-json\/wp\/v2\/product_brand?post=28163"},{"taxonomy":"product_cat","embeddable":true,"href":"https:\/\/www.bookolia.es\/ca\/wp-json\/wp\/v2\/product_cat?post=28163"},{"taxonomy":"product_tag","embeddable":true,"href":"https:\/\/www.bookolia.es\/ca\/wp-json\/wp\/v2\/product_tag?post=28163"}],"curies":[{"name":"wp","href":"https:\/\/api.w.org\/{rel}","templated":true}]}}

<blockquote><p><strong><i>Quan una de les sabates preferides de la nostra protagonista desapareix, comença una recerca amb una final sorprenent i divertit</i></strong><strong><em>.</em></strong></p></blockquote>
<p>La pèrdua d&#8217;un objecte estimat sempre és un petit drama. La desaparició de la sabata de la nostra protagonista es convertirà en una incansable recerca i en un divertit i inesperat desenllaç. És aquesta una altra història tan imaginativa com el primer treball que hem publicat amb Carla Novillo, <em>L&#8217;excursió</em>; amb una picada d&#8217;ullet a l&#8217;entranyable pel·lícula <em>Amélie</em>. Després de buscar per mil llocs, a casa comencen a arribar cartes des dels llocs més remots. Sempre les envia la sabata, que ha decidit agafar les regnes de la seva vida i conèixer món.</p>
<p>Les il·lustracions tornen a sorprendre a cada doble pàgina amb una barreja d&#8217;estils i de perspectives, i revelen Carla Novillo com una de les il·lustradores amb més projecció del panorama nacional.</p>
<p>&nbsp;</p>

<p>Quan una de les sabates preferides de la nostra protagonista desapareix, comença una recerca amb una final sorprenent i divertit. La pèrdua d&#8217;un objecte estimat sempre és un petit drama. La desaparició de la sabata de la nostra protagonista es convertirà en una incansable recerca i en un divertit i inesperat desenllaç. És aquesta una [&hellip;]</p>
