{"id":28162,"date":"2024-04-23T08:49:52","date_gmt":"2024-04-23T07:49:52","guid":{"rendered":"https:\/\/www.bookolia.es\/libreria\/la-caputxeta-vermella\/"},"modified":"2025-05-28T13:26:23","modified_gmt":"2025-05-28T12:26:23","slug":"la-caputxeta-vermella","status":"publish","type":"product","link":"https:\/\/www.bookolia.es\/ca\/libreria\/la-caputxeta-vermella\/","title":{"rendered":"La Caputxeta vermella"},"content":{"rendered":"<blockquote><p>Una tarda, cap a finals d\u2019estiu, un trajecte en solitari, una nena confiada, un esser malvat, un engany.<\/p><\/blockquote>\n<p>Concha Pasamar, autora de prestigi de literatura infantil en llengua espanyola, tradueix i reelabora la versi\u00f3 del conte de Charles Perrault, molt allunyada del revisionisme posterior i del que molts cl\u00e0ssics han patit en els darrers anys.<\/p>\n<p>Tanmateix, els cl\u00e0ssics ho s\u00f3n perqu\u00e8 el seu simbolisme i el seu missatge mantenen avui plena vig\u00e8ncia, com en aquest cas.<\/p>\n<p>A aquests, s\u2019hi ha d\u2019afegir el lirisme de la prosa i les atmosferes de l\u2019autora, que aconsegueix amb el seu llapis, en negre i vermell, unes il\u00b7lustracions que juguen tamb\u00e9 amb la tradici\u00f3 des d\u2019una mirada actual.<\/p>\n<p>&nbsp;<\/p>\n<p>&nbsp;<\/p>\n","protected":false},"excerpt":{"rendered":"<p>Una tarda, cap a finals d\u2019estiu, un trajecte en solitari, una nena confiada, un esser malvat, un engany. Concha Pasamar, autora de prestigi de literatura infantil en llengua espanyola, tradueix i reelabora la versi\u00f3 del conte de Charles Perrault, molt allunyada del revisionisme posterior i del que molts cl\u00e0ssics han patit en els darrers anys. [&hellip;]<\/p>\n","protected":false},"featured_media":26542,"template":"","meta":{"_et_pb_use_builder":"","_et_pb_old_content":"","_et_gb_content_width":""},"product_brand":[],"product_cat":[541,543,551],"product_tag":[],"class_list":{"0":"post-28162","1":"product","2":"type-product","3":"status-publish","4":"has-post-thumbnail","6":"product_cat-alboque-ca","7":"product_cat-catala","8":"product_cat-libro-ilustrado-ca","10":"first","11":"instock","12":"taxable","13":"shipping-taxable","14":"product-type-simple"},"_links":{"self":[{"href":"https:\/\/www.bookolia.es\/ca\/wp-json\/wp\/v2\/product\/28162","targetHints":{"allow":["GET"]}}],"collection":[{"href":"https:\/\/www.bookolia.es\/ca\/wp-json\/wp\/v2\/product"}],"about":[{"href":"https:\/\/www.bookolia.es\/ca\/wp-json\/wp\/v2\/types\/product"}],"wp:featuredmedia":[{"embeddable":true,"href":"https:\/\/www.bookolia.es\/ca\/wp-json\/wp\/v2\/media\/26542"}],"wp:attachment":[{"href":"https:\/\/www.bookolia.es\/ca\/wp-json\/wp\/v2\/media?parent=28162"}],"wp:term":[{"taxonomy":"product_brand","embeddable":true,"href":"https:\/\/www.bookolia.es\/ca\/wp-json\/wp\/v2\/product_brand?post=28162"},{"taxonomy":"product_cat","embeddable":true,"href":"https:\/\/www.bookolia.es\/ca\/wp-json\/wp\/v2\/product_cat?post=28162"},{"taxonomy":"product_tag","embeddable":true,"href":"https:\/\/www.bookolia.es\/ca\/wp-json\/wp\/v2\/product_tag?post=28162"}],"curies":[{"name":"wp","href":"https:\/\/api.w.org\/{rel}","templated":true}]}}

<blockquote><p>Una tarda, cap a finals d’estiu, un trajecte en solitari, una nena confiada, un esser malvat, un engany.</p></blockquote>
<p>Concha Pasamar, autora de prestigi de literatura infantil en llengua espanyola, tradueix i reelabora la versió del conte de Charles Perrault, molt allunyada del revisionisme posterior i del que molts clàssics han patit en els darrers anys.</p>
<p>Tanmateix, els clàssics ho són perquè el seu simbolisme i el seu missatge mantenen avui plena vigència, com en aquest cas.</p>
<p>A aquests, s’hi ha d’afegir el lirisme de la prosa i les atmosferes de l’autora, que aconsegueix amb el seu llapis, en negre i vermell, unes il·lustracions que juguen també amb la tradició des d’una mirada actual.</p>
<p>&nbsp;</p>
<p>&nbsp;</p>

<p>Una tarda, cap a finals d’estiu, un trajecte en solitari, una nena confiada, un esser malvat, un engany. Concha Pasamar, autora de prestigi de literatura infantil en llengua espanyola, tradueix i reelabora la versió del conte de Charles Perrault, molt allunyada del revisionisme posterior i del que molts clàssics han patit en els darrers anys. [&hellip;]</p>
