{"id":28161,"date":"2024-04-27T14:28:12","date_gmt":"2024-04-27T13:28:12","guid":{"rendered":"https:\/\/www.bookolia.es\/libreria\/a-cantar-a-cantar_cat\/"},"modified":"2026-03-01T18:39:39","modified_gmt":"2026-03-01T17:39:39","slug":"a-cantar-a-cantar_cat","status":"publish","type":"product","link":"https:\/\/www.bookolia.es\/ca\/libreria\/a-cantar-a-cantar_cat\/","title":{"rendered":"A cantar, a cantar!"},"content":{"rendered":"<blockquote><p>Un llibre original en qu\u00e8 els protagonistes estan fets amb t\u00e8cniques de papirofl\u00e8xia i en colors vius. Un llibre en qu\u00e8 es posa en valor la tranquil\u00b7litat i el silenci.<\/p><\/blockquote>\n<p>A la sabana se senten molts sorolls, per\u00f2 avui est\u00e0 quasi, quasi silenciosa. Els animals caminen a poc a poc, ronquen en lloc de rugir, fan sonar baixet els seus cascavells, no criden, perqu\u00e8 han arribat les granotes a la tolla i aviat comen\u00e7aran el seu concert. Aquests simp\u00e0tics personatges canvien la seva manera natural de ser, busquen el silenci per poder escoltar el concert que donar\u00e0 el cor de granotes.<\/p>\n<p>&nbsp;<\/p>\n","protected":false},"excerpt":{"rendered":"<p>Un llibre original en qu\u00e8 els protagonistes estan fets amb t\u00e8cniques de papirofl\u00e8xia i en colors vius. Un llibre en qu\u00e8 es posa en valor la tranquil\u00b7litat i el silenci. A la sabana se senten molts sorolls, per\u00f2 avui est\u00e0 quasi, quasi silenciosa. Els animals caminen a poc a poc, ronquen en lloc de rugir, [&hellip;]<\/p>\n","protected":false},"featured_media":26567,"template":"","meta":{"_et_pb_use_builder":"","_et_pb_old_content":"","_et_gb_content_width":""},"product_brand":[],"product_cat":[543,549,555],"product_tag":[697,698,699,700,701],"class_list":{"0":"post-28161","1":"product","2":"type-product","3":"status-publish","4":"has-post-thumbnail","6":"product_cat-catala","7":"product_cat-infantil-ca","8":"product_cat-plegaditos-ca","9":"product_tag-colleccio-plegaditos-bookolia-per-a-nadons","10":"product_tag-contes-danimals-en-origami-per-a-nens","11":"product_tag-llibres-infantils-sobre-rutines-diaries","12":"product_tag-llibres-sensorials-i-visuals-per-a-1-2-anys","13":"product_tag-primers-llibres-de-cartro-per-a-nadons","15":"first","16":"instock","17":"taxable","18":"shipping-taxable","19":"product-type-simple"},"_links":{"self":[{"href":"https:\/\/www.bookolia.es\/ca\/wp-json\/wp\/v2\/product\/28161","targetHints":{"allow":["GET"]}}],"collection":[{"href":"https:\/\/www.bookolia.es\/ca\/wp-json\/wp\/v2\/product"}],"about":[{"href":"https:\/\/www.bookolia.es\/ca\/wp-json\/wp\/v2\/types\/product"}],"wp:featuredmedia":[{"embeddable":true,"href":"https:\/\/www.bookolia.es\/ca\/wp-json\/wp\/v2\/media\/26567"}],"wp:attachment":[{"href":"https:\/\/www.bookolia.es\/ca\/wp-json\/wp\/v2\/media?parent=28161"}],"wp:term":[{"taxonomy":"product_brand","embeddable":true,"href":"https:\/\/www.bookolia.es\/ca\/wp-json\/wp\/v2\/product_brand?post=28161"},{"taxonomy":"product_cat","embeddable":true,"href":"https:\/\/www.bookolia.es\/ca\/wp-json\/wp\/v2\/product_cat?post=28161"},{"taxonomy":"product_tag","embeddable":true,"href":"https:\/\/www.bookolia.es\/ca\/wp-json\/wp\/v2\/product_tag?post=28161"}],"curies":[{"name":"wp","href":"https:\/\/api.w.org\/{rel}","templated":true}]}}

<blockquote><p>Un llibre original en què els protagonistes estan fets amb tècniques de papiroflèxia i en colors vius. Un llibre en què es posa en valor la tranquil·litat i el silenci.</p></blockquote>
<p>A la sabana se senten molts sorolls, però avui està quasi, quasi silenciosa. Els animals caminen a poc a poc, ronquen en lloc de rugir, fan sonar baixet els seus cascavells, no criden, perquè han arribat les granotes a la tolla i aviat començaran el seu concert. Aquests simpàtics personatges canvien la seva manera natural de ser, busquen el silenci per poder escoltar el concert que donarà el cor de granotes.</p>
<p>&nbsp;</p>

<p>Un llibre original en què els protagonistes estan fets amb tècniques de papiroflèxia i en colors vius. Un llibre en què es posa en valor la tranquil·litat i el silenci. A la sabana se senten molts sorolls, però avui està quasi, quasi silenciosa. Els animals caminen a poc a poc, ronquen en lloc de rugir, [&hellip;]</p>
