{"id":28158,"date":"2024-10-23T11:58:01","date_gmt":"2024-10-23T10:58:01","guid":{"rendered":"https:\/\/www.bookolia.es\/libreria\/el-fil-que-ens-cus\/"},"modified":"2025-05-28T12:26:04","modified_gmt":"2025-05-28T11:26:04","slug":"el-fil-que-ens-cus","status":"publish","type":"product","link":"https:\/\/www.bookolia.es\/ca\/libreria\/el-fil-que-ens-cus\/","title":{"rendered":"El fil que ens cus"},"content":{"rendered":"<blockquote><p><strong><i>Una hist\u00f2ria d&#8217;amistat, de dos nens lligats pel fil i l&#8217;agulla. Un nou t\u00edtol de la premiada autora Pilar L\u00f3pez \u00c1vila.<\/i><\/strong><\/p><\/blockquote>\n<div id=\"synopsis\" data-gtm-vis-recent-on-screen30715057_43=\"19628\" data-gtm-vis-first-on-screen30715057_43=\"19628\" data-gtm-vis-total-visible-time30715057_43=\"1000\" data-gtm-vis-has-fired30715057_43=\"1\">\n<div id=\"module\" class=\"synopsis\">\n<div id=\"collapseSynopsis\" class=\"collapse show\" aria-expanded=\"false\">Dos companys de classe i les seves fam\u00edlies, d\u2019or\u00edgens i vides molt diferents, estan lligats per fils. El seu passat, el seu present i el seu futur es cusen i es barregen. Els textos sempre po\u00e8tics i somiadors de l\u2019autora murciana Pilar L\u00f3pez \u00c1vila es conjuguen en aquest \u00e0lbum amb l\u2019acolorit univers de la il\u00b7lustradora Silvia \u00c1lvarez d\u2019origen hondureny.<\/div>\n<\/div>\n<\/div>\n<p>&nbsp;<\/p>\n","protected":false},"excerpt":{"rendered":"<p>Una hist\u00f2ria d&#8217;amistat, de dos nens lligats pel fil i l&#8217;agulla. Un nou t\u00edtol de la premiada autora Pilar L\u00f3pez \u00c1vila. Dos companys de classe i les seves fam\u00edlies, d\u2019or\u00edgens i vides molt diferents, estan lligats per fils. El seu passat, el seu present i el seu futur es cusen i es barregen. Els textos [&hellip;]<\/p>\n","protected":false},"featured_media":26591,"template":"","meta":{"_et_pb_use_builder":"","_et_pb_old_content":"","_et_gb_content_width":""},"product_brand":[],"product_cat":[543,544,549],"product_tag":[558,559],"class_list":{"0":"post-28158","1":"product","2":"type-product","3":"status-publish","4":"has-post-thumbnail","6":"product_cat-catala","7":"product_cat-crizal","8":"product_cat-infantil-ca","9":"product_tag-amistat","10":"product_tag-familia-ca","12":"first","13":"instock","14":"taxable","15":"shipping-taxable","16":"product-type-simple"},"_links":{"self":[{"href":"https:\/\/www.bookolia.es\/ca\/wp-json\/wp\/v2\/product\/28158","targetHints":{"allow":["GET"]}}],"collection":[{"href":"https:\/\/www.bookolia.es\/ca\/wp-json\/wp\/v2\/product"}],"about":[{"href":"https:\/\/www.bookolia.es\/ca\/wp-json\/wp\/v2\/types\/product"}],"wp:featuredmedia":[{"embeddable":true,"href":"https:\/\/www.bookolia.es\/ca\/wp-json\/wp\/v2\/media\/26591"}],"wp:attachment":[{"href":"https:\/\/www.bookolia.es\/ca\/wp-json\/wp\/v2\/media?parent=28158"}],"wp:term":[{"taxonomy":"product_brand","embeddable":true,"href":"https:\/\/www.bookolia.es\/ca\/wp-json\/wp\/v2\/product_brand?post=28158"},{"taxonomy":"product_cat","embeddable":true,"href":"https:\/\/www.bookolia.es\/ca\/wp-json\/wp\/v2\/product_cat?post=28158"},{"taxonomy":"product_tag","embeddable":true,"href":"https:\/\/www.bookolia.es\/ca\/wp-json\/wp\/v2\/product_tag?post=28158"}],"curies":[{"name":"wp","href":"https:\/\/api.w.org\/{rel}","templated":true}]}}

<blockquote><p><strong><i>Una història d&#8217;amistat, de dos nens lligats pel fil i l&#8217;agulla. Un nou títol de la premiada autora Pilar López Ávila.</i></strong></p></blockquote>
<div id="synopsis" data-gtm-vis-recent-on-screen30715057_43="19628" data-gtm-vis-first-on-screen30715057_43="19628" data-gtm-vis-total-visible-time30715057_43="1000" data-gtm-vis-has-fired30715057_43="1">
<div id="module" class="synopsis">
<div id="collapseSynopsis" class="collapse show" aria-expanded="false">Dos companys de classe i les seves famílies, d’orígens i vides molt diferents, estan lligats per fils. El seu passat, el seu present i el seu futur es cusen i es barregen. Els textos sempre poètics i somiadors de l’autora murciana Pilar López Ávila es conjuguen en aquest àlbum amb l’acolorit univers de la il·lustradora Silvia Álvarez d’origen hondureny.</div>
</div>
</div>
<p>&nbsp;</p>

<p>Una història d&#8217;amistat, de dos nens lligats pel fil i l&#8217;agulla. Un nou títol de la premiada autora Pilar López Ávila. Dos companys de classe i les seves famílies, d’orígens i vides molt diferents, estan lligats per fils. El seu passat, el seu present i el seu futur es cusen i es barregen. Els textos [&hellip;]</p>
