{"id":28156,"date":"2025-02-15T15:30:38","date_gmt":"2025-02-15T14:30:38","guid":{"rendered":"https:\/\/www.bookolia.es\/libreria\/la-promesa-de-lena_\/"},"modified":"2025-05-28T15:00:42","modified_gmt":"2025-05-28T14:00:42","slug":"la-promesa-de-lena_","status":"publish","type":"product","link":"https:\/\/www.bookolia.es\/ca\/libreria\/la-promesa-de-lena_\/","title":{"rendered":"La promesa de Lena"},"content":{"rendered":"<blockquote><p><strong><i>L\u2019arribada de la primavera s\u2019est\u00e0 fent esperar, per\u00f2 la Lena sap com fer-ho perqu\u00e8 Muntanya es tregui finalment el seu fred mantell hivernal.<\/i><\/strong><\/p><\/blockquote>\n<div class=\"sinopsisHTML\">\n<div class=\"sinopsisHTML\">\n<p>La primavera est\u00e0 a punt d\u2019arribar, per\u00f2 sembla que enguany tarda massa. La preocupaci\u00f3 creix entre els habitants del poble perqu\u00e8 les collites es perdran i la terra quedar\u00e0 erma. Lena decideix sortir a parlar amb Muntanya perqu\u00e8 deixi el seu mantell blanc i que els camps es cobreixin finalment de flors. Despr\u00e9s d\u2019un gran esfor\u00e7, aconseguir\u00e0 conv\u00e8ncer-la d\u2019una manera dol\u00e7a i subtil. El que el soroll o el foc no han aconseguit, ho aconseguiran les dolces paraules de la Lena.<\/p>\n<\/div>\n<div>\n<div><\/div>\n<\/div>\n<\/div>\n<div>\n<div><\/div>\n<\/div>\n","protected":false},"excerpt":{"rendered":"<p>L\u2019arribada de la primavera s\u2019est\u00e0 fent esperar, per\u00f2 la Lena sap com fer-ho perqu\u00e8 Muntanya es tregui finalment el seu fred mantell hivernal. La primavera est\u00e0 a punt d\u2019arribar, per\u00f2 sembla que enguany tarda massa. La preocupaci\u00f3 creix entre els habitants del poble perqu\u00e8 les collites es perdran i la terra quedar\u00e0 erma. Lena decideix [&hellip;]<\/p>\n","protected":false},"featured_media":26609,"template":"","meta":{"_et_pb_use_builder":"","_et_pb_old_content":"","_et_gb_content_width":""},"product_brand":[],"product_cat":[543,548],"product_tag":[],"class_list":{"0":"post-28156","1":"product","2":"type-product","3":"status-publish","4":"has-post-thumbnail","6":"product_cat-catala","7":"product_cat-ilustrados","9":"first","10":"instock","11":"taxable","12":"shipping-taxable","13":"product-type-simple"},"_links":{"self":[{"href":"https:\/\/www.bookolia.es\/ca\/wp-json\/wp\/v2\/product\/28156","targetHints":{"allow":["GET"]}}],"collection":[{"href":"https:\/\/www.bookolia.es\/ca\/wp-json\/wp\/v2\/product"}],"about":[{"href":"https:\/\/www.bookolia.es\/ca\/wp-json\/wp\/v2\/types\/product"}],"wp:featuredmedia":[{"embeddable":true,"href":"https:\/\/www.bookolia.es\/ca\/wp-json\/wp\/v2\/media\/26609"}],"wp:attachment":[{"href":"https:\/\/www.bookolia.es\/ca\/wp-json\/wp\/v2\/media?parent=28156"}],"wp:term":[{"taxonomy":"product_brand","embeddable":true,"href":"https:\/\/www.bookolia.es\/ca\/wp-json\/wp\/v2\/product_brand?post=28156"},{"taxonomy":"product_cat","embeddable":true,"href":"https:\/\/www.bookolia.es\/ca\/wp-json\/wp\/v2\/product_cat?post=28156"},{"taxonomy":"product_tag","embeddable":true,"href":"https:\/\/www.bookolia.es\/ca\/wp-json\/wp\/v2\/product_tag?post=28156"}],"curies":[{"name":"wp","href":"https:\/\/api.w.org\/{rel}","templated":true}]}}

<blockquote><p><strong><i>L’arribada de la primavera s’està fent esperar, però la Lena sap com fer-ho perquè Muntanya es tregui finalment el seu fred mantell hivernal.</i></strong></p></blockquote>
<div class="sinopsisHTML">
<div class="sinopsisHTML">
<p>La primavera està a punt d’arribar, però sembla que enguany tarda massa. La preocupació creix entre els habitants del poble perquè les collites es perdran i la terra quedarà erma. Lena decideix sortir a parlar amb Muntanya perquè deixi el seu mantell blanc i que els camps es cobreixin finalment de flors. Després d’un gran esforç, aconseguirà convèncer-la d’una manera dolça i subtil. El que el soroll o el foc no han aconseguit, ho aconseguiran les dolces paraules de la Lena.</p>
</div>
<div>
<div></div>
</div>
</div>
<div>
<div></div>
</div>

<p>L’arribada de la primavera s’està fent esperar, però la Lena sap com fer-ho perquè Muntanya es tregui finalment el seu fred mantell hivernal. La primavera està a punt d’arribar, però sembla que enguany tarda massa. La preocupació creix entre els habitants del poble perquè les collites es perdran i la terra quedarà erma. Lena decideix [&hellip;]</p>
