{"id":27639,"date":"2025-03-07T10:29:19","date_gmt":"2025-03-07T09:29:19","guid":{"rendered":"https:\/\/www.bookolia.es\/la-editorial\/"},"modified":"2025-04-11T09:53:55","modified_gmt":"2025-04-11T08:53:55","slug":"leditorial","status":"publish","type":"page","link":"https:\/\/www.bookolia.es\/ca\/leditorial\/","title":{"rendered":"L&#8217;Editorial"},"content":{"rendered":"<p>[et_pb_section fb_built=&#8221;1&#8243; _builder_version=&#8221;4.27.4&#8243; background_color=&#8221;rgba(0,166,182,0.05)&#8221; background_enable_image=&#8221;off&#8221; parallax=&#8221;on&#8221; background_enable_pattern_style=&#8221;on&#8221; background_pattern_style=&#8221;confetti&#8221; background_pattern_color=&#8221;rgba(0,166,182,0.05)&#8221; global_colors_info=&#8221;{}&#8221;][et_pb_row column_structure=&#8221;2_3,1_3&#8243; _builder_version=&#8221;4.27.4&#8243; _module_preset=&#8221;default&#8221; global_colors_info=&#8221;{}&#8221;][et_pb_column type=&#8221;2_3&#8243; _builder_version=&#8221;4.27.4&#8243; _module_preset=&#8221;default&#8221; global_colors_info=&#8221;{}&#8221;][et_pb_text _builder_version=&#8221;4.27.4&#8243; _module_preset=&#8221;default&#8221; global_colors_info=&#8221;{}&#8221;]<\/p>\n<p>bookolia va iniciar el seu cam\u00ed cap al 2015. \u00c9s una editorial infantil i juvenil que publica llibres molt il\u00b7lustrats per a lectors curiosos de 3 a m\u00e9s de 100 anys. Els nostres t\u00edtols fomenten l&#8217;inter\u00e8s per descobrir el m\u00f3n que habitem i plantegen q\u00fcestions sobre el nostre passat, present i futur. Al nostre cat\u00e0leg predomina l&#8217;\u00e0lbum il\u00b7lustrat, per\u00f2 tamb\u00e9 elaborem llibres per a primeres edats i narrativa juvenil. Estimem el nostre ofici apassionadament i posem tot el nostre millor saber a cadascun dels llibres que editem.<\/p>\n<p>[\/et_pb_text][et_pb_text _builder_version=&#8221;4.27.4&#8243; _module_preset=&#8221;default&#8221; hover_enabled=&#8221;0&#8243; global_colors_info=&#8221;{}&#8221; sticky_enabled=&#8221;0&#8243;]<\/p>\n<p>Les nostres col\u00b7leccions s\u00f3n:<\/p>\n<p><strong>Ilustrados<\/strong>: \u00e0lbums il\u00b7lustrats per a la inf\u00e0ncia, destinats exclusivament a p\u00fablic infantil de 3 a 12 anys, sobre tem\u00e0tica diversa.<\/p>\n<p><strong>Crizal<\/strong>: \u00e0lbums tamb\u00e9 il\u00b7lustrats destinat a la inf\u00e0ncia i m\u00e9s enll\u00e0. Textos m\u00e9s literaris que apel\u00b7len a lectors tamb\u00e9 adults.<\/p>\n<p><strong>Plegaditos<\/strong>: La nostra col\u00b7lecci\u00f3 per a nadons, de 0 a 3 anys. Llibres de cartr\u00f3 elaborats per l&#8217;escriptora i il\u00b7lustradora Roc\u00edo Mart\u00ednez.<\/p>\n<p><strong>Alf\u00e9izar<\/strong>: Llibres il\u00b7lustrats que des d&#8217;un punt de ficci\u00f3 treuen el cap a l&#8217;\u00e0lbum informatiu, a cavall entre ambd\u00f3s g\u00e8neres.<\/p>\n<p><strong>Alboque<\/strong>: els nostres cl\u00e0ssics i llibres de fora de col\u00b7lecci\u00f3.<\/p>\n<p><strong>Gol o penalti<\/strong>: La nostra s\u00e8rie m\u00e9s gamberra per als amants del futbol. Pensats per als lectors que s&#8217;enlairen a llegir per si sols, aquesta col\u00b7lecci\u00f3 entusiasma els m\u00e9s grans.<\/p>\n<p><strong>Vereda<\/strong>: Narrativa juvenil. Aventures, fantasia, humor, temes socials, misteri; llibres que conviden a explorar i descobrir. Per a lectors de 10 i m\u00e9s anys.<\/p>\n<p>[\/et_pb_text][\/et_pb_column][et_pb_column type=&#8221;1_3&#8243; _builder_version=&#8221;4.27.4&#8243; _module_preset=&#8221;default&#8221; global_colors_info=&#8221;{}&#8221;][et_pb_image src=&#8221;https:\/\/www.bookolia.es\/wp-content\/uploads\/la-editorial-de-bookolia.jpg&#8221; title_text=&#8221;la-editorial-de-bookolia&#8221; _builder_version=&#8221;4.27.4&#8243; _module_preset=&#8221;default&#8221; hover_enabled=&#8221;0&#8243; global_colors_info=&#8221;{}&#8221; sticky_enabled=&#8221;0&#8243;][\/et_pb_image][\/et_pb_column][\/et_pb_row][\/et_pb_section]<\/p>\n","protected":false},"excerpt":{"rendered":"<p>bookolia va iniciar el seu cam\u00ed cap al 2015. \u00c9s una editorial infantil i juvenil que publica llibres molt il\u00b7lustrats per a lectors curiosos de 3 a m\u00e9s de 100 anys. Els nostres t\u00edtols fomenten l&#8217;inter\u00e8s per descobrir el m\u00f3n que habitem i plantegen q\u00fcestions sobre el nostre passat, present i futur. Al nostre cat\u00e0leg [&hellip;]<\/p>\n","protected":false},"author":84,"featured_media":27993,"parent":0,"menu_order":0,"comment_status":"closed","ping_status":"closed","template":"","meta":{"_et_pb_use_builder":"on","_et_pb_old_content":"","_et_gb_content_width":"","footnotes":""},"class_list":["post-27639","page","type-page","status-publish","has-post-thumbnail","hentry"],"_links":{"self":[{"href":"https:\/\/www.bookolia.es\/ca\/wp-json\/wp\/v2\/pages\/27639","targetHints":{"allow":["GET"]}}],"collection":[{"href":"https:\/\/www.bookolia.es\/ca\/wp-json\/wp\/v2\/pages"}],"about":[{"href":"https:\/\/www.bookolia.es\/ca\/wp-json\/wp\/v2\/types\/page"}],"author":[{"embeddable":true,"href":"https:\/\/www.bookolia.es\/ca\/wp-json\/wp\/v2\/users\/84"}],"replies":[{"embeddable":true,"href":"https:\/\/www.bookolia.es\/ca\/wp-json\/wp\/v2\/comments?post=27639"}],"version-history":[{"count":0,"href":"https:\/\/www.bookolia.es\/ca\/wp-json\/wp\/v2\/pages\/27639\/revisions"}],"wp:featuredmedia":[{"embeddable":true,"href":"https:\/\/www.bookolia.es\/ca\/wp-json\/wp\/v2\/media\/27993"}],"wp:attachment":[{"href":"https:\/\/www.bookolia.es\/ca\/wp-json\/wp\/v2\/media?parent=27639"}],"curies":[{"name":"wp","href":"https:\/\/api.w.org\/{rel}","templated":true}]}}

<p>[et_pb_section fb_built=&#8221;1&#8243; _builder_version=&#8221;4.27.4&#8243; background_color=&#8221;rgba(0,166,182,0.05)&#8221; background_enable_image=&#8221;off&#8221; parallax=&#8221;on&#8221; background_enable_pattern_style=&#8221;on&#8221; background_pattern_style=&#8221;confetti&#8221; background_pattern_color=&#8221;rgba(0,166,182,0.05)&#8221; global_colors_info=&#8221;{}&#8221;][et_pb_row column_structure=&#8221;2_3,1_3&#8243; _builder_version=&#8221;4.27.4&#8243; _module_preset=&#8221;default&#8221; global_colors_info=&#8221;{}&#8221;][et_pb_column type=&#8221;2_3&#8243; _builder_version=&#8221;4.27.4&#8243; _module_preset=&#8221;default&#8221; global_colors_info=&#8221;{}&#8221;][et_pb_text _builder_version=&#8221;4.27.4&#8243; _module_preset=&#8221;default&#8221; global_colors_info=&#8221;{}&#8221;]</p>
<p>bookolia va iniciar el seu camí cap al 2015. És una editorial infantil i juvenil que publica llibres molt il·lustrats per a lectors curiosos de 3 a més de 100 anys. Els nostres títols fomenten l&#8217;interès per descobrir el món que habitem i plantegen qüestions sobre el nostre passat, present i futur. Al nostre catàleg predomina l&#8217;àlbum il·lustrat, però també elaborem llibres per a primeres edats i narrativa juvenil. Estimem el nostre ofici apassionadament i posem tot el nostre millor saber a cadascun dels llibres que editem.</p>
<p>[/et_pb_text][et_pb_text _builder_version=&#8221;4.27.4&#8243; _module_preset=&#8221;default&#8221; hover_enabled=&#8221;0&#8243; global_colors_info=&#8221;{}&#8221; sticky_enabled=&#8221;0&#8243;]</p>
<p>Les nostres col·leccions són:</p>
<p><strong>Ilustrados</strong>: àlbums il·lustrats per a la infància, destinats exclusivament a públic infantil de 3 a 12 anys, sobre temàtica diversa.</p>
<p><strong>Crizal</strong>: àlbums també il·lustrats destinat a la infància i més enllà. Textos més literaris que apel·len a lectors també adults.</p>
<p><strong>Plegaditos</strong>: La nostra col·lecció per a nadons, de 0 a 3 anys. Llibres de cartró elaborats per l&#8217;escriptora i il·lustradora Rocío Martínez.</p>
<p><strong>Alféizar</strong>: Llibres il·lustrats que des d&#8217;un punt de ficció treuen el cap a l&#8217;àlbum informatiu, a cavall entre ambdós gèneres.</p>
<p><strong>Alboque</strong>: els nostres clàssics i llibres de fora de col·lecció.</p>
<p><strong>Gol o penalti</strong>: La nostra sèrie més gamberra per als amants del futbol. Pensats per als lectors que s&#8217;enlairen a llegir per si sols, aquesta col·lecció entusiasma els més grans.</p>
<p><strong>Vereda</strong>: Narrativa juvenil. Aventures, fantasia, humor, temes socials, misteri; llibres que conviden a explorar i descobrir. Per a lectors de 10 i més anys.</p>
<p>[/et_pb_text][/et_pb_column][et_pb_column type=&#8221;1_3&#8243; _builder_version=&#8221;4.27.4&#8243; _module_preset=&#8221;default&#8221; global_colors_info=&#8221;{}&#8221;][et_pb_image src=&#8221;https://www.bookolia.es/wp-content/uploads/la-editorial-de-bookolia.jpg&#8221; title_text=&#8221;la-editorial-de-bookolia&#8221; _builder_version=&#8221;4.27.4&#8243; _module_preset=&#8221;default&#8221; hover_enabled=&#8221;0&#8243; global_colors_info=&#8221;{}&#8221; sticky_enabled=&#8221;0&#8243;][/et_pb_image][/et_pb_column][/et_pb_row][/et_pb_section]</p>

<p>bookolia va iniciar el seu camí cap al 2015. És una editorial infantil i juvenil que publica llibres molt il·lustrats per a lectors curiosos de 3 a més de 100 anys. Els nostres títols fomenten l&#8217;interès per descobrir el món que habitem i plantegen qüestions sobre el nostre passat, present i futur. Al nostre catàleg [&hellip;]</p>
